{"id":4005,"date":"2026-05-01T14:31:09","date_gmt":"2026-05-01T05:31:09","guid":{"rendered":"https:\/\/miki.press\/?page_id=4005"},"modified":"2026-05-01T14:57:53","modified_gmt":"2026-05-01T05:57:53","slug":"%e3%80%80miki-nakahara","status":"publish","type":"page","link":"https:\/\/miki.press\/?page_id=4005","title":{"rendered":"Profil [FR]"},"content":{"rendered":"\n<p><strong><span data-fontsize=\"21px\" style=\"font-size: 21px;\" class=\"vk_inline-font-size\">Miki NAKAHARA<\/span><\/strong><\/p>\n\n\n\n<figure class=\"wp-block-gallery has-nested-images columns-default is-cropped wp-block-gallery-1 is-layout-flex wp-block-gallery-is-layout-flex\">\n<figure class=\"wp-block-image size-full\"><img decoding=\"async\" data-id=\"4016\" src=\"https:\/\/miki.press\/wp-content\/uploads\/2026\/05\/Miki.png\" alt=\"\" class=\"wp-image-4016\"\/><\/figure>\n<\/figure>\n\n\n\n<p><br>Depuis vingt ans, je ressens profond\u00e9ment que le m\u00e9tier d\u2019ing\u00e9nieur informatique est avant tout un m\u00e9tier qui consiste \u00e0 rendre les gens heureux.<\/p>\n\n\n\n<p>Je crois qu\u2019en r\u00e9fl\u00e9chissant jusqu\u2019au bout \u00e0 une valeur qui d\u00e9passe les attentes, et en offrant une \u00e9motion allant au-del\u00e0 de l\u2019imagination, le r\u00e9sultat que nous cr\u00e9ons peut faire na\u00eetre le sourire de nombreuses personnes.<\/p>\n\n\n\n<p>Cette joie devient pr\u00e9cis\u00e9ment le moteur de mes prochains d\u00e9fis, et conduit au d\u00e9veloppement de nouvelles technologies et de nouveaux services.<\/p>\n\n\n\n<p>Pour offrir une nouvelle valeur, en tant qu\u2019artisan des technologies du futur, je pense qu\u2019il est essentiel de montrer, toujours avec une longueur d\u2019avance, les technologies et services qui seront n\u00e9cessaires. C\u2019est, selon moi, ce qui peut devenir une force motrice pour toutes les personnes impliqu\u00e9es.<\/p>\n\n\n\n<p><strong>Avec une longueur d\u2019avance \u2014.<\/strong><\/p>\n\n\n\n<h2 class=\"wp-block-heading\">Domaines d\u2019expertise<\/h2>\n\n\n\n<p><strong>Syst\u00e8mes d\u2019information et strat\u00e9gie d\u2019entreprise<\/strong><br>Conseil amont reliant la strat\u00e9gie de management et l\u2019IT \u2014 conseil en transformation num\u00e9rique, DX.<\/p>\n\n\n\n<p>D\u00e9veloppement logiciel, analyse de donn\u00e9es, algorithmes, statistiques et apprentissage automatique.<\/p>\n\n\n\n<p>Cours universitaires :<br>\u00ab Les ing\u00e9nieurs IT et l\u2019\u00e9thique \u00bb,<br>\u00ab Comprendre le business PLM \u00e0 travers le curry \u00bb,<br>\u00ab Les technologies IA de nouvelle g\u00e9n\u00e9ration dans l\u2019industrie manufacturi\u00e8re \u00bb.<\/p>\n\n\n\n<h2 class=\"wp-block-heading\">Secteurs de sp\u00e9cialisation<\/h2>\n\n\n\n<p>Industrie manufacturi\u00e8re et fabrication dans son ensemble.<\/p>\n\n\n\n<p>Automobile, construction navale, a\u00e9ronautique et spatial, sid\u00e9rurgie, \u00e9quipements \u00e9lectroniques, activit\u00e9s internationales et relations diplomatiques.<\/p>\n\n\n\n<h2 class=\"wp-block-heading\">Origines<\/h2>\n\n\n\n<p>N\u00e9 d\u2019un p\u00e8re japonais, actif dans le commerce et les affaires internationales, et d\u2019une m\u00e8re fran\u00e7aise, impliqu\u00e9e dans la diplomatie et l\u2019interpr\u00e9tation, j\u2019ai grandi \u00e0 Kurashiki, dans la pr\u00e9fecture d\u2019Okayama, apr\u00e8s avoir v\u00e9cu en France, en Allemagne, en Suisse et en Alg\u00e9rie.<\/p>\n\n\n\n<p>Depuis mon enfance, j\u2019ai souvent \u00e9t\u00e9 en contact avec des environnements cybern\u00e9tiques tels que les ordinateurs et les \u00e9quipements radio, ainsi qu\u2019avec des pays, cultures et personnes tr\u00e8s diff\u00e9rents. Ces exp\u00e9riences m\u2019ont donn\u00e9 de nombreuses occasions d\u2019exprimer le monde num\u00e9rique comme le monde analogique.<\/p>\n\n\n\n<p>J\u2019aime profond\u00e9ment les formes de communication analogiques, nuanc\u00e9es et pleines de gradations, comme l\u2019art, la musique et la communication interculturelle. En m\u00eame temps, je ressens une forte attirance pour la pens\u00e9e logique, la productivit\u00e9 sociale, la rationalit\u00e9 et l\u2019exploration du \u00ab monozukuri \u00bb, l\u2019art japonais de fabriquer et de cr\u00e9er.<\/p>\n\n\n\n<p>\u00c0 travers mes exp\u00e9riences depuis l\u2019enfance jusqu\u2019\u00e0 aujourd\u2019hui, je pense avoir acquis une certaine ouverture et une capacit\u00e9 \u00e0 rester relativement serein et tol\u00e9rant face \u00e0 diff\u00e9rents pays, cultures et personnes. J\u2019ai tendance \u00e0 vouloir comprendre l\u2019originalit\u00e9 et les pens\u00e9es de celles et ceux qui entrent en contact avec moi. Je suis encore en apprentissage, mais je serais heureux que vous puissiez \u00e9changer avec moi avec patience.<\/p>\n\n\n\n<h2 class=\"wp-block-heading\">Profession<\/h2>\n\n\n\n<ul class=\"wp-block-list\">\n<li>Dirigeant d\u2019une soci\u00e9t\u00e9 de logiciels sp\u00e9cialis\u00e9e dans l\u2019industrie manufacturi\u00e8re<\/li>\n\n\n\n<li>Parcours : programmeur, ing\u00e9nieur R&amp;D pour l\u2019industrie manufacturi\u00e8re, consultant B2B, dirigeant d\u2019entreprise IT<\/li>\n<\/ul>\n\n\n\n<p><strong>Mots-cl\u00e9s :<\/strong> automobile, construction navale, a\u00e9ronautique et spatial, formes 3D, r\u00e9sistance des mat\u00e9riaux, monozukuri.<\/p>\n\n\n\n<ul class=\"wp-block-list\">\n<li>Sp\u00e9cialiste M&amp;A<\/li>\n\n\n\n<li>Sp\u00e9cialiste certifi\u00e9 en management CMS<\/li>\n\n\n\n<li>Waseda University \u2014 Research Institute for Business and Finance, MBA Essentials<\/li>\n\n\n\n<li>Nikkei BP \u2014 Star Brand, strat\u00e9gie de marque pour PME, 7e promotion<\/li>\n<\/ul>\n\n\n\n<h2 class=\"wp-block-heading\">Parcours professionnel<\/h2>\n\n\n\n<p><strong>1994<\/strong><br>Prix d\u2019excellence au concours de programmation du minist\u00e8re japonais du Commerce international et de l\u2019Industrie.<br>Projet : syst\u00e8me de gestion de cours utilisant un grand r\u00e9seau \u2014 LAN Learn Study.<\/p>\n\n\n\n<p><strong>1995<\/strong><br>Prix du ministre du Commerce international et de l\u2019Industrie, cat\u00e9gorie programmation.<br>Distinction du gouverneur de la pr\u00e9fecture d\u2019Okayama, cat\u00e9gorie programmation.<\/p>\n\n\n\n<p>Participation \u00e0 divers concours li\u00e9s \u00e0 la programmation, \u00e0 la s\u00e9curit\u00e9 et au hacking \u00e9thique.<\/p>\n\n\n\n<p><strong>\u00c0 partir de 1997 \u2014 Ing\u00e9nieur R&amp;D et programmeur, environ 12 ans<\/strong><br>Java, C++, VB, Ruby, Python, QB, FORTRAN, COBOL.<br>Syst\u00e8mes de gestion de production, PLM, CAD, CAM, CAE, CATIA, ENOVIA, Siemens NX, ANSA, META.<br>Syst\u00e8mes de gestion de Big Data, syst\u00e8mes de gestion de centres de support.<br>D\u00e9veloppement de groupware et socialware : Notes, Domino, SharePoint, Salesforce.<\/p>\n\n\n\n<p><strong>\u00c0 partir de 2001 \u2014 Conseil et ventes B2B, environ 8 ans<\/strong><br>Automobile, R&amp;D, simulation, apprentissage automatique, analyse des fluides, analyse structurelle, analyse vibratoire.<br>Accompagnement \u00e0 l\u2019am\u00e9lioration de l\u2019environnement de management dans l\u2019industrie manufacturi\u00e8re, accompagnement \u00e0 l\u2019am\u00e9lioration CSR de grandes entreprises, soutien juridique relatif aux autorisations dans le domaine a\u00e9ronautique et spatial.<\/p>\n\n\n\n<p><strong>\u00c0 partir de 2008 \u2014 Direction d\u2019une soci\u00e9t\u00e9 de logiciels, environ 15 ans<\/strong><br>Exp\u00e9rience de gestion apr\u00e8s la crise financi\u00e8re de 2008 et redressement d\u2019entreprise apr\u00e8s le grand s\u00e9isme de l\u2019est du Japon.<br>Lancement d\u2019activit\u00e9s offshore au Vietnam.<br>Recherche et d\u00e9veloppement de produits pour l\u2019industrie manufacturi\u00e8re : a\u00e9ronautique et spatial, construction navale, automobile.<\/p>\n\n\n\n<p><strong>\u00c0 partir de 2022 \u2014 R&amp;D et d\u00e9veloppement de nouvelles activit\u00e9s de prochaine g\u00e9n\u00e9ration<\/strong><br>Produits de nouvelle g\u00e9n\u00e9ration pour le monozukuri, produits li\u00e9s \u00e0 la gestion de production.<br>Cr\u00e9ation de <strong>DIGITAL TWIN PLM SOLUTION<\/strong>, entre autres.<\/p>\n\n\n\n<p><strong>\u00c0 partir de 2023 \u2014 Conseil strat\u00e9gique amont et formation autour de DX, GX et PLM<\/strong><br>Entreprises des secteurs : \u00e9lectronique grand public, \u00e9quipements \u00e9lectriques lourds, composants \u00e9lectroniques, semi-conducteurs, \u00e9quipements d\u2019information, t\u00e9l\u00e9communications, \u00e9quipements industriels.<br>Entreprises des secteurs : sid\u00e9rurgie, automobile, ing\u00e9nierie de plant industriel.<\/p>\n\n\n\n<h2 class=\"wp-block-heading\">Lieux li\u00e9s \u00e0 mon parcours<\/h2>\n\n\n\n<p>Kurashiki, pr\u00e9fecture d\u2019Okayama ; Utsunomiya, pr\u00e9fecture de Tochigi ; Ichinoseki, pr\u00e9fecture d\u2019Iwate ; Shinjuku, Tokyo ; Hakodate, Hokkaido.<br>France, Alg\u00e9rie, \u00c9mirats arabes unis, Suisse, Vietnam, Cambodge, Chine \u2014 Shenzhen.<\/p>\n\n\n\n<figure class=\"wp-block-image size-large\"><img loading=\"lazy\" decoding=\"async\" width=\"683\" height=\"1024\" src=\"https:\/\/miki.press\/wp-content\/uploads\/2025\/09\/qp_miki-683x1024.jpg\" alt=\"\" class=\"wp-image-3911\" srcset=\"https:\/\/miki.press\/wp-content\/uploads\/2025\/09\/qp_miki-683x1024.jpg 683w, https:\/\/miki.press\/wp-content\/uploads\/2025\/09\/qp_miki-200x300.jpg 200w, https:\/\/miki.press\/wp-content\/uploads\/2025\/09\/qp_miki-768x1152.jpg 768w, https:\/\/miki.press\/wp-content\/uploads\/2025\/09\/qp_miki.jpg 1024w\" sizes=\"auto, (max-width: 683px) 100vw, 683px\" \/><\/figure>\n\n\n\n<p><\/p>\n\n\n\n<h3 class=\"wp-block-heading\">Communication<\/h3>\n\n\n\n<ul class=\"wp-block-list\">\n<li>Activit\u00e9s diplomatiques et communication entre l\u2019\u00e9tranger et le Japon<\/li>\n\n\n\n<li>B\u00e9n\u00e9volat pour le soutien \u00e0 la r\u00e9insertion sociale<\/li>\n\n\n\n<li>Musique et instruments : trompette, euphonium, tuba<\/li>\n\n\n\n<li>\u00c9criture de paroles, composition, humour, contribution \u00e0 des \u00e9missions ou rubriques<\/li>\n\n\n\n<li>Radio amateur<\/li>\n\n\n\n<li>Star Wars<\/li>\n<\/ul>\n\n\n\n<h3 class=\"wp-block-heading\">Monozukuri \/ fabrication<\/h3>\n\n\n\n<ul class=\"wp-block-list\">\n<li>Construction de v\u00e9hicules \u00e0 quatre roues et analyse structurelle<\/li>\n\n\n\n<li>Course automobile : drag race, vitesse maximale<\/li>\n\n\n\n<li>Programmation et d\u00e9veloppement logiciel<\/li>\n\n\n\n<li>Tricot, broderie<\/li>\n\n\n\n<li>Cuisine<\/li>\n<\/ul>\n\n\n\n<h3 class=\"wp-block-heading\">Sports et activit\u00e9s<\/h3>\n\n\n\n<ul class=\"wp-block-list\">\n<li>Randonn\u00e9e en montagne, ascension du mont Fuji<\/li>\n\n\n\n<li>Shorinji Kempo<\/li>\n\n\n\n<li>Danse de salon<\/li>\n\n\n\n<li>Golf<\/li>\n\n\n\n<li>Camping et survie<\/li>\n\n\n\n<li>Agriculture IT, notamment culture du moringa<\/li>\n\n\n\n<li>Caf\u00e9 : culture et torr\u00e9faction<\/li>\n<\/ul>\n\n\n\n\n\n\n\n<p><\/p>\n\n\n\n<p><\/p>\n","protected":false},"excerpt":{"rendered":"<p>Miki NAKAHARA Depuis vingt ans, je ressens profond\u00e9ment que le m\u00e9tier d\u2019ing\u00e9nieur informatique est avant tout  [&hellip;]<\/p>\n","protected":false},"author":2,"featured_media":4016,"parent":0,"menu_order":0,"comment_status":"closed","ping_status":"closed","template":"","meta":{"vkexunit_cta_each_option":"","footnotes":""},"class_list":["post-4005","page","type-page","status-publish","has-post-thumbnail","hentry"],"_links":{"self":[{"href":"https:\/\/miki.press\/index.php?rest_route=\/wp\/v2\/pages\/4005","targetHints":{"allow":["GET"]}}],"collection":[{"href":"https:\/\/miki.press\/index.php?rest_route=\/wp\/v2\/pages"}],"about":[{"href":"https:\/\/miki.press\/index.php?rest_route=\/wp\/v2\/types\/page"}],"author":[{"embeddable":true,"href":"https:\/\/miki.press\/index.php?rest_route=\/wp\/v2\/users\/2"}],"replies":[{"embeddable":true,"href":"https:\/\/miki.press\/index.php?rest_route=%2Fwp%2Fv2%2Fcomments&post=4005"}],"version-history":[{"count":7,"href":"https:\/\/miki.press\/index.php?rest_route=\/wp\/v2\/pages\/4005\/revisions"}],"predecessor-version":[{"id":4017,"href":"https:\/\/miki.press\/index.php?rest_route=\/wp\/v2\/pages\/4005\/revisions\/4017"}],"wp:featuredmedia":[{"embeddable":true,"href":"https:\/\/miki.press\/index.php?rest_route=\/wp\/v2\/media\/4016"}],"wp:attachment":[{"href":"https:\/\/miki.press\/index.php?rest_route=%2Fwp%2Fv2%2Fmedia&parent=4005"}],"curies":[{"name":"wp","href":"https:\/\/api.w.org\/{rel}","templated":true}]}}